1, 16244629
List the prime factors of 12560035.
5, 2512007
What are the prime factors of 2958951?
3, 613, 1609
List the prime factors of 162825771.
3, 1973, 27509
What are the prime factors of 671925156?
2, 3, 7, 2179, 3671
List the prime factors of 73169500.
2, 5, 61, 2399
List the prime factors of 61937853.
3, 19, 57191
List the prime factors of 2473240285.
5, 1213, 407789
What are the prime factors of 329980165?
5, 65996033
What are the prime factors of 1189695705?
3, 5, 11, 7210277
List the prime factors of 90061350.
2, 3, 5, 43, 13963
What are the prime factors of 23334657?
3, 863, 9013
List the prime factors of 4118180160.
2, 3, 5, 4289771
List the prime factors of 204856698.
2, 3, 17, 1109, 1811
List the prime factors of 42393850.
2, 5, 97, 8741
What are the prime factors of 78899546?
2, 11, 29, 123667
What are the prime factors of 185467467?
3, 17, 3636617
List the prime factors of 1958046660.
2, 3, 5, 37, 294001
List the prime factors of 9899636.
2, 2474909
What are the prime factors of 6336499319?
353, 17950423
What are the prime factors of 425458938?
2, 3, 70909823
What are the prime factors of 28522220?
2, 5, 1426111
What are the prime factors of 50541999?
3, 16847333
What are the prime factors of 89308020?
2, 3, 5, 1488467
What are the prime factors of 496761537?
3, 2837, 58367
What are the prime factors of 4181904218?
2, 19, 110050111
What are the prime factors of 3207870645?
3, 5, 7, 30551149
List the prime factors of 355880229.
3, 1609, 73727
What are the prime factors of 165883749?
3, 641, 86263
What are the prime factors of 54830011?
54830011
What are the prime factors of 38529000?
2, 3, 5, 1427
What are the prime factors of 133760315?
5, 13, 43, 47857
List the prime factors of 70368182.
2, 1663, 21157
List the prime factors of 91326700.
2, 5, 173, 5279
List the prime factors of 31982128.
2, 29, 68927
What are the prime factors of 4591048272?
2, 3, 839, 114001
What are the prime factors of 556761705?
3, 5, 31, 1197337
List the prime factors of 1187333180.
2, 5, 11, 19, 284051
What are the prime factors of 136059924?
2, 3, 7, 11, 13, 47, 241
List the prime factors of 310688540.
2, 5, 151, 102877
List the prime factors of 114634257.
3, 71, 337, 1597
What are the prime factors of 598033889?
3923, 152443
List the prime factors of 266393051.
266393051
What are the prime factors of 156803960?
2, 5, 19, 10859
What are the prime factors of 142007174?
2, 71003587
What are the prime factors of 123916009?
7, 17, 1041311
List the prime factors of 506713088.
2, 7, 223, 317
List the prime factors of 205988251.
7, 331, 88903
List the prime factors of 458048668.
2, 7, 11, 212453
List the prime factors of 4356175113.
3, 67, 2408057
List the prime factors of 1354596.
2, 3, 157, 719
What are the prime factors of 877356?
2, 3, 24371
List the prime factors of 6280929048.
2, 3, 261705377
List the prime factors of 34934496.
2, 3, 363901
List the prime factors of 538050447.
3, 11, 701, 7753
What are the prime factors of 5265168910?
2, 5, 83, 277, 22901
List the prime factors of 59461434.
2, 3, 89, 37117
What are the prime factors of 18739587?
3, 307, 20347
List the prime factors of 629683804.
2, 2269, 69379
List the prime factors of 45942038.
2, 19, 727, 1663
List the prime factors of 139034861.
7, 113, 137, 1283
What are the prime factors of 63348215?
5, 7, 1809949
List the prime factors of 1434528793.
53, 27066581
List the prime factors of 37138393.
37138393
What are the prime factors of 186381992?
2, 23297749
List the prime factors of 268050735.
3, 5, 1985561
List the prime factors of 162689121.
3, 7, 860789
What are the prime factors of 183927794?
2, 17, 1879, 2879
What are the prime factors of 983224324?
2, 229, 443, 2423
What are the prime factors of 23661302?
2, 7, 739, 2287
List the prime factors of 200930300.
2, 5, 23, 199, 439
What are the prime factors of 274064884?
2, 68516221
What are the prime factors of 13641593?
7, 1948799
What are the prime factors of 47624434?
2, 11, 13, 89, 1871
What are the prime factors of 486334293?
3, 31, 5229401
List the prime factors of 985135999.
149, 6611651
List the prime factors of 187322497.
173, 307, 3527
List the prime factors of 18546500.
2, 5, 7, 757
What are the prime factors of 67079735?
5, 71, 188957
List the prime factors of 3785214812.
2, 2543, 372121
List the prime factors of 242968978.
2, 7, 61, 284507
What are the prime factors of 1133421524?
2, 2383, 118907
List the prime factors of 6763409.
29, 233221
List the prime factors of 31005559.
13, 149, 16007
What are the prime factors of 410307016?
2, 7, 7326911
List the prime factors of 814196134.
2, 47, 311, 27851
What are the prime factors of 25953293?
31, 837203
What are the prime factors of 65110692?
2, 3, 71, 76421
What are the prime factors of 8108615?
5, 1621723
List the prime factors of 51387296.
2, 1605853
What are the prime factors of 7198469?
109, 66041
What are the prime factors of 934324787?
11, 401, 211817
What are the prime factors of 4044333?
3, 1348111
What are the prime factors of 108177502?
2, 439, 123209
List the prime factors of 514925521.
11, 421, 111191
List the prime factors of 560854571.
359, 1562269
What are the prime factors of 1541325?
3, 5, 20551
What are the prime factors of 746195249?
61, 907, 13487
List the prime factors of 225053468.
2, 56263367
What are the prime factors of 1120462790?
2, 5, 112046279
What are the prime factors of 4532062672?
2, 149, 1901033
List the prime factors of 800249060.
2, 5, 13, 3077881
What are the prime factors of 388089671?
388089671
List the prime factors of 34624777.
11, 3147707
What are the prime factors of 56178361?
67, 838483
What are the prime factors of 625650722?
2, 71, 4405991
What are the prime factors of 33270869?
2377, 13997
What are the prime factors of 893358216?
2, 3, 83, 149491
List the prime factors of 526501101.
3, 7, 17, 1474793
What are the prime factors of 1158848399?
19, 23, 37, 71671
List the prime factors of 300145570.
2, 5, 467, 64271
List the prime factors of 873635300.
2, 5, 43, 137, 1483
List the prime factors of 52681244.
2, 7, 11, 171043
What are the prime factors of 160454161?
7, 53, 432491
List the prime factors of 79331714.
2, 7, 11, 46831
List the prime factors of 48442699.
48442699
What are the prime factors of 352414361?
13, 823, 32939
List the prime factors of 21584380.
2, 5, 19, 79, 719
List the prime factors of 96737438.
2, 7, 6909817
What are the prime factors of 167147535?
3, 5, 137, 163, 499
What are the prime factors of 383898455?
5, 277, 277183
What are the prime factors of 368842751?
37, 1171, 8513
List the prime factors of 134793631.
7, 2711, 7103
What are the prime factors of 2073157987?
2073157987
What are the prime factors of 247221498?
2, 3, 173, 238171
What are the prime factors of 1340238600?
2, 3, 5, 71, 10487
List the prime factors of 59412628.
2, 11, 1350287
What are the prime factors of 3688625614?
2, 73, 2069, 12211
What are the prime factors of 121564220?
2, 5, 277, 21943
List the prime factors of 213524558.
2, 13, 37, 173, 1283
List the prime factors of 155422601.
3797, 40933
What are the prime factors of 560447936?
2, 8756999
List the prime factors of 1193751531.
3, 7, 41, 419, 1103
List the prime factors of 313316183.
313316183
What are the prime factors of 598835548?
2, 67, 1249, 1789
What are the prime factors of 109263284?
2, 13, 17, 123601
List the prime factors of 195101132.
2, 1321, 36923
What are the prime factors of 238588616?
2, 7, 53, 80387
List the prime factors of 157555433.
7, 3215417
What are the prime factors of 67553429?
47, 53, 577
List the prime factors of 44269469.
53, 61, 13693
What are the prime factors of 1053326581?
43, 743, 32969
List the prime factors of 2083050094.
2, 1041525047
What are the prime factors of 63139334?
2, 467, 67601
What are the prime factors of 315447823?
19, 16602517
What are the prime factors of 3061878661?
18313, 167197
What are the prime factors of 1024211910?
2, 3, 5, 19, 1796863
What are the prime factors of 948125494?
2, 229, 2070143
What are the prime factors of 127329768?
2, 3, 47, 191, 197
List the prime factors of 63755997.
3, 131, 162229
What are the prime factors of 595081061?
5233, 113717
List the prime factors of 176304399.
3, 17, 149, 23201
List the prime facto